le of 1952?
False
Is 141776600 a multiple of 2450?
True
Does 12 divide 1005690374?
False
Is 25588611 a multiple of 453?
True
Is 9 a factor of 5479947?
True
Does 394 divide 23622270?
True
Is 2293 a factor of 97115429?
True
Is 40985404 a multiple of 82?
True
Does 53 divide 32032607?
False
Does 1549 divide 22558087?
True
Does 4 divide 2823345?
False
Does 117 divide 321219244?
False
Is 420 a factor of 8686440?
True
Is 2058 a factor of 168153723?
False
Is 82025136 a multiple of 243?
True
Is 3113 a factor of 48242237?
False
Does 113 divide 62273455?
False
Is 82375370 a multiple of 70?
True
Is 392266854 a multiple of 42?
True
Is 200527523 a multiple of 67?
False
Is 160731596 a multiple of 168?
False
Does 323 divide 613998430?
False
Does 50 divide 12825150?
True
Is 195706931 a multiple of 4328?
False
Is 36 a factor of 230685927?
False
Does 2894 divide 199247953?
False
Does 866 divide 48872223?
False
Is 3 a factor of 13530360?
True
Is 36 a factor of 164896704?
True
Is 534 a factor of 30560286?
True
Is 11 a factor of 348983503?
True
Is 58999290 a multiple of 7?
True
Is 26 a factor of 943756710?
True
Is 88023606 a multiple of 777?
False
Is 274 a factor of 75717160?
True
Does 16 divide 8026160?
True
Does 15 divide 395410305?
True
Is 95213073 a multiple of 2755?
False
Does 920 divide 81698573?
False
Does 5666 divide 2515179571?
False
Does 11 divide 8995228?
True
Does 422 divide 26812922?
False
Is 1884 a factor of 54029305?
False
Is 912 a factor of 430558848?
True
Does 29 divide 46464702?
False
Does 10 divide 69738992?
False
Is 1335302558 a multiple of 174?
False
Is 622360722 a multiple of 402?
True
Is 6693120 a multiple of 2?
True
Is 21 a factor of 60040176?
True
Is 242 a factor of 11540738?
True
Is 36875974 a multiple of 127?
True
Is 6243915 a multiple of 591?
True
Does 51 divide 1170358423?
False
Does 203 divide 3198286180?
False
Is 13 a factor of 42614559?
True
Is 3211 a factor of 27680537?
False
Does 9 divide 39977839?
False
Is 133748928 a multiple of 2512?
True
Is 41 a factor of 3661645064?
False
Is 14196700 a multiple of 14?
True
Is 141 a factor of 79083234?
True
Is 831 a factor of 108247300?
False
Is 24 a factor of 137245200?
True
Does 327 divide 148815555?
False
Is 113961225 a multiple of 35?
True
Is 52755606 a multiple of 207?
True
Does 937 divide 10905079?
False
Does 279 divide 447591888?
True
Is 14 a factor of 991400338?
False
Is 24 a factor of 4182451535?
False
Is 983448619 a multiple of 109?
False
Does 62 divide 38856904?
False
Does 316 divide 5141810?
False
Is 23 a factor of 938550696?
True
Is 669479330 a multiple of 13?
True
Is 58197735 a multiple of 19?
False
Does 7 divide 19930237?
False
Is 16 a factor of 7198189?
False
Is 12184273 a multiple of 321?
False
Does 207 divide 1213184?
False
Is 11 a factor of 16711629?
True
Is 453254 even?
True
Is 45 a factor of 28289250?
True
Is 756 a factor of 48078576?
True
Is 772236883 a multiple of 598?
False
Is 957166650 a multiple of 990?
True
Is 11999055 a multiple of 15?
True
Is 375 a factor of 508934250?
True
Is 30880325 a multiple of 25?
True
Is 444185234 a multiple of 9?
False
Is 1764415647 a multiple of 103?
True
Is 3906265 a multiple of 22?
False
Is 120 a factor of 496220520?
True
Does 773 divide 422556585?
True
Does 720 divide 653019840?
True
Is 3733 a factor of 855972542?
False
Does 547 divide 53670546?
True
Does 30 divide 798150930?
True
Is 2 a factor of 11480344?
True
Is 2377020 a multiple of 4?
True
Is 1109881780 a multiple of 1460?
True
Is 373 a factor of 44992747?
False
Is 1296 a factor of 26636688?
True
Is 770397 a multiple of 30?
False
Is 212 a factor of 2060552?
False
Is 48 a factor of 143741293?
False
Does 85 divide 6331055?
True
Is 6624621 a multiple of 69?
True
Is 834291904 a multiple of 8?
True
Does 93 divide 462732364?
False
Does 42 divide 206108070?
True
Is 32 a factor of 1022624938?
False
Is 3 a factor of 4681099?
False
Is 959273734 a multiple of 31?
True
Is 63208440 a multiple of 76?
True
Is 157 a factor of 152748026?
False
Is 2694919055 a multiple of 25?
False
Is 7 a factor of 632470944?
True
Is 44 a factor of 1404757682?
False
Is 84070430 a multiple of 10?
True
Does 908 divide 886155847?
False
Does 77 divide 285693499?
False
Does 148 divide 1330673388?
False
Is 1244 a factor of 23118075?
False
Does 785 divide 96404280?
True
Does 1808 divide 57279129?
False
Does 931 divide 32621830?
False
Is 712 a factor of 22342560?
True
Is 107 a factor of 313722074?
True
Is 8696243192 a multiple of 20?
False
Does 13 divide 182356865?
False
Is 31 a factor of 140098920?
True
Is 4804 a factor of 218051781?
False
Does 91 divide 798211687?
True
Is 562 a factor of 302729730?
True
Does 14 divide 25445448?
True
Is 11508695 a multiple of 11?
True
Is 76 a factor of 35744700?
True
Does 2952 divide 450950049?
False
Does 2689 divide 210308739?
False
Is 322575344 a multiple of 1456?
True
Does 295 divide 197540837?
False
Does 9 divide 188482450?
False
Is 394 a factor of 14099874?
False
Is 1076895980 a multiple of 109?
False
Does 6252 divide 791804327?
False
Is 10 a factor of 453246600?
True
Is 3504462 a multiple of 154?
False
Is 6673971 a multiple of 3?
True
Is 26205444 a multiple of 162?
True
Does 15 divide 3907846?
False
Is 97 a factor of 129097267?
False
Is 287063275 a multiple of 351?
False
Is 3667 a factor of 54960996?
True
Does 2656 divide 128281246?
False
Does 1042 divide 505246632?
False
Is 100 a factor of 4466324?
False
Does 266 divide 2601905334?
True
Is 1880 a factor of 58793240?
True
Is 30178677 a multiple of 851?
False
Does 445 divide 76393150?
True
Is 139778471 a multiple of 41?
True
Is 14 a factor of 403555908?
True
Does 237 divide 8587071?
False
Is 20 a factor of 125054325?
False
Is 473391536 a multiple of 428?
False
Is 1218 a factor of 7043357?
False
Is 10 a factor of 107008130?
True
Does 432 divide 449554451?
False
Is 903716 a multiple of 188?
True
Does 96 divide 1754935?
False
Is 59481525 a multiple of 15?
True
Is 35 a factor of 8689567?
False
Does 8 divide 27820855?
False
Is 36157999 a multiple of 277?
False
Is 10 a factor of 2034522450?
True
Is 175128576 a multiple of 448?
True
Is 29200417 a multiple of 3863?
True
Is 1519 a factor of 1218020783?
True
Is 2095163613 a multiple of 24?
False
Is 3 a factor of 771076997?
False
Does 41 divide 1993379?
True
Is 1594949984 a multiple of 101?
True
Is 3587 a factor of 85083640?
True
Does 76 divide 3956523608?
False
Is 2252166 a multiple of 23?
False
Is 195 a factor of 2005720275?
True
Is 1651845636 a multiple of 1596?
True
Does 24 divide 331227480?
True
Is 9859629 a multiple of 39?
True
Does 5692 divide 142504912?
True
Does 2142 divide 168642427?
False
Is 32494893 a multiple of 266?
False
Is 86837971 a multiple of 32?
False
Is 8 a factor of 526112936?
True
Is 57196568 a multiple of 1496?
True
Is 859064212 a multiple of 7?
False
Does 263 divide 166310154?
True
Does 15 divide 2191545?
True
Is 122875744 a multiple of 170?
False
Is 18194008 a multiple of 4?
True
Does 13 divide 2895956765?
True
Does 901 divide 78815236?
False
Is 2463 a factor of 346879178?
False
Is 3 a factor of 98220964?
False
Is 29582380 a multiple of 167?
True
Does 41 divide 181900190?
True
Is 1267 a factor of 547986369?
True
Is 429346648 a multiple of 1652?
False
Does 21 divide 62438754?
True
Is 89 a factor of 14145482?
True
Is 38662754 a multiple of 1343?
False
Is 186 a factor of 104506871?
False
Is 19 a factor of 33552220?
False
Is 1343301700 a multiple of 14?
False
Does 2013 divide 124622850?
False
Is 45553386 a multiple of 4?
False
Is 5 a factor of 69386770?
True
Is 3173494270 a multiple of 4705?
True
Is 349108448 a multiple of 2157?
False
Is 736 a factor of 30813376?
True
Does 32 divide 21941088?
True
Is 157343321 a multiple of 31?
True
Is 5285 a factor of 1662152721?
False
Is 23 a factor of 3785156?
True
Is 228804840 a multiple of 66?
True
Is 134 a factor of 610431956?
False
Is 56 a factor of 1387946?
False
Does 75 divide 233507182?
False
Is 204 a factor of 67666227?
False
Does 205 divide 198486000?
False
Is 6952 a factor of 1606600248?
True
Is 439 a factor of 40086407?
True
Is 424 a factor of 57621188?
False
Is 940828906 a multiple of 28?
False
Is 50309987 a multiple of 119?
True
Is 1262 a factor of 29605836?
False
Is 14147343 a multiple of 151?
False
Does 1345 divide 247